{"id":418,"date":"2025-10-29T04:05:53","date_gmt":"2025-10-29T04:05:53","guid":{"rendered":"https:\/\/demo.gmaxagency.com\/ricky\/?post_type=product&#038;p=418"},"modified":"2025-12-01T02:04:33","modified_gmt":"2025-12-01T02:04:33","slug":"the-ricky-ban-me-spirit","status":"publish","type":"product","link":"https:\/\/demo.gmaxagency.com\/ricky\/san-pham\/the-ricky-ban-me-spirit\/","title":{"rendered":"The Ricky Ban Me Spirit"},"content":{"rendered":"<h3 style=\"text-align: center;\"><em>Tinh th<\/em><em>\u1ea7<\/em><em>n c<\/em><em>\u00e0<\/em><em> ph<\/em><em>\u00ea<\/em><em> trong t<\/em><em>\u1eeb<\/em><em>ng gi<\/em><em>\u1ecd<\/em><em>t r<\/em><em>\u01b0\u1ee3<\/em><em>u <\/em><\/h3>\n<h3 style=\"text-align: center;\"><em>The Spirit of Bu<\/em><em>\u00f4<\/em><em>n Ma Thu<\/em><em>\u1ed9<\/em><em>t<\/em><\/h3>\n<ol>\n<li><strong> N<\/strong><strong>\u01a1<\/strong><strong>i b<\/strong><strong>\u1eaf<\/strong><strong>t \u0111<\/strong><strong>\u1ea7<\/strong><strong>u c<\/strong><strong>\u1ee7<\/strong><strong>a m<\/strong><strong>\u1ed9<\/strong><strong>t bi<\/strong><strong>\u1ec3<\/strong><strong>u t<\/strong><strong>\u01b0\u1ee3<\/strong><strong>ng<\/strong><\/li>\n<\/ol>\n<p>Gi\u1eefa l\u00f2ng <strong>Bu\u00f4n Ma Thu<\/strong><strong>\u1ed9<\/strong><strong>t<\/strong> \u2013 th\u1ee7 ph\u1ee7 c\u00e0 ph\u00ea c\u1ee7a Vi\u1ec7t Nam, n\u01a1i s\u01b0\u01a1ng s\u1edbm ph\u1ee7 l\u00ean nh\u1eefng \u0111\u1ed3i c\u00e0 ph\u00ea Arabica\/Robusta tr\u0129u h\u1ea1t, <strong>Ban Me Spirit<\/strong> ra \u0111\u1eddi nh\u01b0 m\u1ed9t bi\u1ec3u t\u01b0\u1ee3ng giao h\u00f2a gi\u1eefa <strong>v\u0103n h\u00f3a c\u00e0 ph\u00ea T\u00e2y Nguy\u00ean<\/strong> v\u00e0 <strong>ngh<\/strong><strong>\u1ec7<\/strong><strong> thu<\/strong><strong>\u1ead<\/strong><strong>t ch<\/strong><strong>\u01b0<\/strong><strong>ng c<\/strong><strong>\u1ea5<\/strong><strong>t hi<\/strong><strong>\u1ec7<\/strong><strong>n <\/strong><strong>\u0111<\/strong><strong>\u1ea1<\/strong><strong>i<\/strong>.<\/p>\n<p>\u0110\u01b0\u1ee3c ph\u00e1t tri\u1ec3n b\u1edfi <strong>The Ricky Distillery<\/strong> (thu\u1ed9c HTX Darlac), Ban Me Spirit kh\u00f4ng \u0111\u01a1n thu\u1ea7n l\u00e0 m\u1ed9t lo\u1ea1i r\u01b0\u1ee3u \u2013 m\u00e0 l\u00e0 <strong>m<\/strong><strong>\u1ed9<\/strong><strong>t h<\/strong><strong>\u00e0<\/strong><strong>nh tr<\/strong><strong>\u00ec<\/strong><strong>nh c<\/strong><strong>\u1ea3<\/strong><strong>m x<\/strong><strong>\u00fa<\/strong><strong>c<\/strong>, n\u01a1i h\u01b0\u01a1ng c\u00e0 ph\u00ea n\u1ed3ng n\u00e0n, g\u1ed7 s\u1ed3i \u1ea5m \u00e1p v\u00e0 tinh th\u1ea7n ph\u00f3ng kho\u00e1ng c\u1ee7a ng\u01b0\u1eddi T\u00e2y Nguy\u00ean h\u00f2a quy\u1ec7n th\u00e0nh m\u1ed9t b\u1ea3n giao h\u01b0\u1edfng duy nh\u1ea5t.<\/p>\n<h3><strong>2. H\u00e0nh tr\u00ecnh c<\/strong><strong>\u1ee7<\/strong><strong>a h<\/strong><strong>\u1ea1<\/strong><strong>t c<\/strong><strong>\u00e0<\/strong><strong> ph<\/strong><strong>\u00ea<\/strong><strong> v<\/strong><strong>\u00e0<\/strong><strong> gi<\/strong><strong>\u1ecd<\/strong><strong>t r<\/strong><strong>\u01b0\u1ee3<\/strong><strong>u<\/strong><\/h3>\n<p>T\u1eebng <strong>h<\/strong><strong>\u1ea1<\/strong><strong>t c<\/strong><strong>\u00e0<\/strong><strong> ph<\/strong><strong>\u00ea<\/strong><strong> Arabica<\/strong> \u0111\u01b0\u1ee3c ch\u1ecdn l\u1ecdc t\u1eeb v\u00f9ng <strong>\u0110\u00e0 L<\/strong><strong>\u1ea1<\/strong><strong>t v\u00e0 \u0110<\/strong><strong>\u1eaf<\/strong><strong>k L<\/strong><strong>\u1eaf<\/strong><strong>k, <\/strong>rang \u1edf m\u1ee9c <strong>Medium Roast (210\u2013220\u00b0C)<\/strong> \u0111\u1ec3 gi\u1eef l\u1ea1i <strong>h<\/strong><strong>\u01b0\u01a1<\/strong><strong>ng tr<\/strong><strong>\u00e1<\/strong><strong>i c<\/strong><strong>\u00e2<\/strong><strong>y, m<\/strong><strong>\u1ead<\/strong><strong>t ong v<\/strong><strong>\u00e0<\/strong><strong> v<\/strong><strong>\u1ecb<\/strong><strong> ng<\/strong><strong>\u1ecd<\/strong><strong>t t<\/strong><strong>\u1ef1<\/strong><strong> nhi<\/strong><strong>\u00ea<\/strong><strong>n<\/strong>.<br \/>\nCh\u00fang \u0111\u01b0\u1ee3c \u1ee7 c\u00f9ng r\u01b0\u1ee3u tr\u1eafng \u0111\u00e3 ch\u01b0ng c\u1ea5t ba giai \u0111o\u1ea1n, trong <strong>chum s\u00e0nh v\u00e0 th\u00f9ng g<\/strong><strong>\u1ed7<\/strong><strong> s<\/strong><strong>\u1ed3<\/strong><strong>i M<\/strong><strong>\u1ef9<\/strong><strong> (American White Oak)<\/strong> dung t\u00edch 50 l\u00edt \u2013 n\u01a1i <strong>g<\/strong><strong>\u1ed7<\/strong><strong> s<\/strong><strong>\u1ed3<\/strong><strong>i n<\/strong><strong>\u01b0\u1edb<\/strong><strong>ng nh<\/strong><strong>\u1eb9<\/strong> t\u1ecfa ra m\u00f9i <strong>vani, caramel v\u00e0 kh\u00f3i tho<\/strong><strong>\u1ea3<\/strong><strong>ng<\/strong>.<\/p>\n<p>Qu\u00e1 tr\u00ecnh \u1ee7 k\u00e9o d\u00e0i h\u01a1n <strong>6 th\u00e1ng<\/strong>, v\u1edbi hai giai \u0111o\u1ea1n:<\/p>\n<ul>\n<li><strong>1 th\u00e1ng trong chum s\u00e0nh v<\/strong><strong>\u1edb<\/strong><strong>i g<\/strong><strong>\u1ed7<\/strong><strong> s<\/strong><strong>\u1ed3<\/strong><strong>i v<\/strong><strong>\u00e0<\/strong><strong> h<\/strong><strong>\u1ea1<\/strong><strong>t c<\/strong><strong>\u00e0<\/strong><strong> ph<\/strong><strong>\u00ea<\/strong><strong> nguy<\/strong><strong>\u00ea<\/strong><strong>n ch<\/strong><strong>\u1ea5<\/strong><strong>t<\/strong>, \u0111\u1ec3 r\u01b0\u1ee3u h\u1ea5p th\u1ee5 tinh t\u00fay c\u1ee7a \u0111\u1ea5t v\u00e0 h\u01b0\u01a1ng c\u00e0 ph\u00ea.<\/li>\n<li><strong>3 th\u00e1ng ti<\/strong><strong>\u1ebf<\/strong><strong>p trong th<\/strong><strong>\u00f9<\/strong><strong>ng g<\/strong><strong>\u1ed7<\/strong><strong> s<\/strong><strong>\u1ed3<\/strong><strong>i quarter cask<\/strong>, \u0111\u1ec3 g\u1ed7 v\u00e0 r\u01b0\u1ee3u h\u00f2a quy\u1ec7n, t\u1ea1o n\u00ean <strong>m\u00e0u h<\/strong><strong>\u1ed5<\/strong><strong> ph<\/strong><strong>\u00e1<\/strong><strong>ch <\/strong><strong>\u00f3<\/strong><strong>ng <\/strong><strong>\u00e1<\/strong><strong>nh v<\/strong><strong>\u00e0<\/strong><strong> h<\/strong><strong>\u01b0\u01a1<\/strong><strong>ng v<\/strong><strong>\u1ecb<\/strong><strong> m<\/strong><strong>\u01b0\u1ee3<\/strong><strong>t m<\/strong><strong>\u00e0<\/strong><strong>, quy<\/strong><strong>\u1ebf<\/strong><strong>n r<\/strong><strong>\u0169<\/strong>.<\/li>\n<\/ul>\n<p>M\u1ed7i m\u1ebb r\u01b0\u1ee3u l\u00e0 <strong>m<\/strong><strong>\u1ed9<\/strong><strong>t cu<\/strong><strong>\u1ed9<\/strong><strong>c tr<\/strong><strong>\u00f2<\/strong><strong> chuy<\/strong><strong>\u1ec7<\/strong><strong>n gi<\/strong><strong>\u1eef<\/strong><strong>a l<\/strong><strong>\u1eed<\/strong><strong>a, n<\/strong><strong>\u01b0\u1edb<\/strong><strong>c, g<\/strong><strong>\u1ed7<\/strong><strong> v<\/strong><strong>\u00e0<\/strong><strong> th<\/strong><strong>\u1edd<\/strong><strong>i gian<\/strong>, \u0111\u01b0\u1ee3c ki\u1ec3m so\u00e1t t\u1ec9 m\u1ec9 b\u1ea3o \u0111\u1ea3m ch\u1ea5t l\u01b0\u1ee3ng, \u0111\u1ed9 tinh khi\u1ebft v\u00e0 an to\u00e0n th\u1ef1c ph\u1ea9m tuy\u1ec7t \u0111\u1ed1i.<\/p>\n<h3><strong>3. H<\/strong><strong>\u01b0\u01a1<\/strong><strong>ng v<\/strong><strong>\u1ecb<\/strong><strong> c<\/strong><strong>\u1ee7<\/strong><strong>a <\/strong><strong>\u0111<\/strong><strong>\u1ea5<\/strong><strong>t <\/strong><strong>\u0111<\/strong><strong>\u1ecf<\/strong><strong> v<\/strong><strong>\u00e0<\/strong><strong> g<\/strong><strong>\u1ed7<\/strong><strong> s<\/strong><strong>\u1ed3<\/strong><strong>i<\/strong><\/h3>\n<p>Ban Me Spirit m\u1edf \u0111\u1ea7u b\u1eb1ng h\u01b0\u01a1ng <strong>vani, caramel v\u00e0 c\u00e0 ph\u00ea Arabica rang nh<\/strong><strong>\u1eb9<\/strong>, k\u1ebf \u0111\u1ebfn l\u00e0 l\u1edbp <strong>g<\/strong><strong>\u1ed7<\/strong><strong> s<\/strong><strong>\u1ed3<\/strong><strong>i M<\/strong><strong>\u1ef9<\/strong><strong> ng<\/strong><strong>\u1ecd<\/strong><strong>t d<\/strong><strong>\u1ecb<\/strong><strong>u, v<\/strong><strong>\u1ecb<\/strong><strong> m<\/strong><strong>\u1ead<\/strong><strong>t ong v<\/strong><strong>\u00e0<\/strong><strong> tr<\/strong><strong>\u00e1<\/strong><strong>i c<\/strong><strong>\u00e2<\/strong><strong>y kh<\/strong><strong>\u00f4<\/strong>, cu\u1ed1i c\u00f9ng l\u00e0 h\u1eadu v\u1ecb <strong>\u1ea5<\/strong><strong>m n<\/strong><strong>\u1ed3<\/strong><strong>ng, s<\/strong><strong>\u00e2<\/strong><strong>u l<\/strong><strong>\u1eaf<\/strong><strong>ng nh<\/strong><strong>\u01b0<\/strong> <strong>\u0111<\/strong><strong>\u1ea5<\/strong><strong>t <\/strong><strong>\u0111<\/strong><strong>\u1ecf<\/strong><strong> bazan sau c<\/strong><strong>\u01a1<\/strong><strong>n m<\/strong><strong>\u01b0<\/strong><strong>a<\/strong>.<\/p>\n<p>\u0110\u00e2y l\u00e0 lo\u1ea1i r\u01b0\u1ee3u mang phong c\u00e1ch <strong>Speyside c<\/strong><strong>\u1ed5<\/strong> <strong>\u0111<\/strong><strong>i<\/strong><strong>\u1ec3<\/strong><strong>n pha ch<\/strong><strong>\u1ea5<\/strong><strong>t Vi<\/strong><strong>\u1ec7<\/strong><strong>t <\/strong><strong>\u0111<\/strong><strong>\u01b0\u01a1<\/strong><strong>ng <\/strong><strong>\u0111<\/strong><strong>\u1ea1<\/strong><strong>i<\/strong> \u2013 tinh t\u1ebf, d\u1ec5 g\u1ea7n nh\u01b0ng v\u1eabn \u0111\u1ee7 ph\u1ee9c h\u1ee3p \u0111\u1ec3 ng\u01b0\u1eddi s\u00e0nh r\u01b0\u1ee3u ph\u1ea3i d\u1eebng l\u1ea1i nh\u1ea5p ch\u1eadm.<br \/>\nM\u1ed9t <strong>whisky infused by coffee<\/strong>, nh\u01b0ng v\u01b0\u1ee3t xa m\u1ecdi d\u00f2ng r\u01b0\u1ee3u c\u00e0 ph\u00ea th\u00f4ng th\u01b0\u1eddng: kh\u00f4ng ch\u1ec9 l\u00e0 h\u01b0\u01a1ng, m\u00e0 l\u00e0 <strong>tinh th<\/strong><strong>\u1ea7<\/strong><strong>n Ban M<\/strong><strong>\u00ea<\/strong> <strong>\u2013<\/strong><strong> m<\/strong><strong>\u1ea1<\/strong><strong>nh m<\/strong><strong>\u1ebd<\/strong><strong>, ph<\/strong><strong>\u00f3<\/strong><strong>ng kho<\/strong><strong>\u00e1<\/strong><strong>ng v<\/strong><strong>\u00e0<\/strong><strong> n<\/strong><strong>\u1ed3<\/strong><strong>ng <\/strong><strong>\u1ea5<\/strong><strong>m.<\/strong><\/p>\n<h3><strong>4. Tinh th<\/strong><strong>\u1ea7<\/strong><strong>n <\/strong><strong>\u201c<\/strong><strong>Crafted in Darlac<\/strong><strong>\u201d<\/strong><\/h3>\n<p>T\u1ea1i HTX Darlac, m\u1ecdi quy tr\u00ecnh \u0111\u1ec1u \u0111\u01b0\u1ee3c <strong>th<\/strong><strong>\u1ee7<\/strong><strong> c<\/strong><strong>\u00f4<\/strong><strong>ng h<\/strong><strong>\u00f3<\/strong><strong>a<\/strong> \u2013 t\u1eeb vi\u1ec7c ch\u1ecdn g\u1ea1o, rang c\u00e0 ph\u00ea, kh\u00f2 g\u1ed7 s\u1ed3i cho \u0111\u1ebfn ki\u1ec3m so\u00e1t t\u1eebng m\u1ebb \u1ee7.<br \/>\nKh\u00f4ng c\u00f3 ph\u1ee5 gia, kh\u00f4ng m\u00e0u nh\u00e2n t\u1ea1o, kh\u00f4ng c\u1ed3n pha \u2013 ch\u1ec9 c\u00f3 <strong>nguy\u00ean li<\/strong><strong>\u1ec7<\/strong><strong>u th<\/strong><strong>\u1ead<\/strong><strong>t, tay ngh<\/strong><strong>\u1ec1<\/strong><strong> th<\/strong><strong>\u1ead<\/strong><strong>t v<\/strong><strong>\u00e0<\/strong><strong> th<\/strong><strong>\u1edd<\/strong><strong>i gian th<\/strong><strong>\u1ead<\/strong><strong>t.<\/strong><\/p>\n<p>\u0110\u00f3 ch\u00ednh l\u00e0 tri\u1ebft l\u00fd c\u1ee7a The Ricky Distillery:<\/p>\n<p><em><strong>\u201cCh<\/strong><\/em><em><strong>\u01b0<\/strong><\/em><em><strong>ng c<\/strong><\/em><em><strong>\u1ea5<\/strong><\/em><em><strong>t b<\/strong><\/em><em><strong>\u1eb1<\/strong><\/em><em><strong>ng <\/strong><\/em><em><strong>\u0111<\/strong><\/em><em><strong>am m<\/strong><\/em><em><strong>\u00ea<\/strong><\/em><em><strong>, <\/strong><\/em><em><strong>\u1ee7<\/strong><\/em><em><strong> b<\/strong><\/em><em><strong>\u1eb1<\/strong><\/em><em><strong>ng th<\/strong><\/em><em><strong>\u1edd<\/strong><\/em><em><strong>i gian, v<\/strong><\/em><em><strong>\u00e0<\/strong><\/em> <em><strong>\u0111\u00e1<\/strong><\/em><em><strong>nh th<\/strong><\/em><em><strong>\u1ee9<\/strong><\/em><em><strong>c b<\/strong><\/em><em><strong>\u1eb1<\/strong><\/em><em><strong>ng h<\/strong><\/em><em><strong>\u01b0\u01a1<\/strong><\/em><em><strong>ng T<\/strong><\/em><em><strong>\u00e2<\/strong><\/em><em><strong>y Nguy<\/strong><\/em><em><strong>\u00ea<\/strong><\/em><em><strong>n.<\/strong><\/em><em><strong>\u201d<\/strong><\/em><\/p>\n<h3><strong>5. Ban Me \u2013 n<\/strong><strong>\u01a1<\/strong><strong>i <\/strong><strong>\u0111<\/strong><strong>\u1ea5<\/strong><strong>t, ng<\/strong><strong>\u01b0\u1edd<\/strong><strong>i v<\/strong><strong>\u00e0<\/strong><strong> c<\/strong><strong>\u00e0<\/strong><strong> ph<\/strong><strong>\u00ea<\/strong><strong> h<\/strong><strong>\u00f2<\/strong><strong>a l<\/strong><strong>\u00e0<\/strong><strong>m m<\/strong><strong>\u1ed9<\/strong><strong>t<\/strong><\/h3>\n<p>T\u00ean g\u1ecdi <strong>Ban Me Spirit<\/strong> l\u00e0 l\u1eddi tri \u00e2n g\u1eedi \u0111\u1ebfn <strong>Bu\u00f4n Ma Thu<\/strong><strong>\u1ed9<\/strong><strong>t (Ban M<\/strong><strong>\u00ea<\/strong><strong>)<\/strong> \u2013 v\u00f9ng \u0111\u1ea5t n\u01a1i h\u1ea1t c\u00e0 ph\u00ea n\u1edf hoa v\u00e0 con ng\u01b0\u1eddi s\u1ed1ng tr\u1ecdn v\u1edbi \u0111\u1ea5t, v\u1edbi r\u1eebng, v\u1edbi n\u1eafng gi\u00f3.<br \/>\nM\u1ed7i gi\u1ecdt r\u01b0\u1ee3u nh\u01b0 m\u1ed9t l\u1eddi k\u1ec3 l\u1ea1i \u2013 v\u1ec1 <strong>v\u0103n h\u00f3a c\u00e0 ph\u00ea Vi<\/strong><strong>\u1ec7<\/strong><strong>t Nam<\/strong>, v\u1ec1 <strong>t\u00ecnh ng<\/strong><strong>\u01b0\u1edd<\/strong><strong>i T<\/strong><strong>\u00e2<\/strong><strong>y Nguy<\/strong><strong>\u00ea<\/strong><strong>n<\/strong>, v\u00e0 v\u1ec1 <strong>ni<\/strong><strong>\u1ec1<\/strong><strong>m t<\/strong><strong>\u1ef1<\/strong><strong> h<\/strong><strong>\u00e0<\/strong><strong>o c<\/strong><strong>\u1ee7<\/strong><strong>a nh<\/strong><strong>\u1eef<\/strong><strong>ng ng<\/strong><strong>\u01b0\u1edd<\/strong><strong>i n<\/strong><strong>\u00f4<\/strong><strong>ng d<\/strong><strong>\u00e2<\/strong><strong>n Darlac<\/strong> \u0111\u00e3 bi\u1ebfn h\u01b0\u01a1ng c\u00e0 ph\u00ea th\u00e0nh r\u01b0\u1ee3u, v\u00e0 bi\u1ebfn r\u01b0\u1ee3u th\u00e0nh m\u1ed9t ph\u1ea7n c\u1ee7a k\u00fd \u1ee9c v\u00f9ng \u0111\u1ea5t n\u00e0y.<\/p>\n<h3><strong>Slogan<\/strong><\/h3>\n<p><strong>\u201cH<\/strong><strong>\u01a1<\/strong><strong>i th<\/strong><strong>\u1edf<\/strong><strong> c<\/strong><strong>\u00e0<\/strong><strong> ph<\/strong><strong>\u00ea<\/strong><strong>, tinh th<\/strong><strong>\u1ea7<\/strong><strong>n <\/strong><strong>\u0111<\/strong><strong>\u1ea5<\/strong><strong>t <\/strong><strong>\u0111<\/strong><strong>\u1ecf<\/strong><strong>.<\/strong><strong>\u201d<\/strong><\/p>\n","protected":false},"excerpt":{"rendered":"<table>\n<tbody>\n<tr>\n<td>DUNG T\u00cdCH<\/td>\n<td>N\u1ed2NG \u0110\u1ed8 C\u1ed2N<\/td>\n<td>QUY C\u00c1CH<\/td>\n<\/tr>\n<tr>\n<td>700ML<\/td>\n<td>25%<\/td>\n<td>\u0110\u00f3ng chai<\/td>\n<\/tr>\n<\/tbody>\n<\/table>\n","protected":false},"featured_media":444,"comment_status":"open","ping_status":"closed","template":"","meta":[],"product_brand":[],"product_cat":[19],"product_tag":[],"class_list":{"0":"post-418","1":"product","2":"type-product","3":"status-publish","4":"has-post-thumbnail","6":"product_cat-liqueur","8":"first","9":"instock","10":"sale","11":"shipping-taxable","12":"purchasable","13":"product-type-simple"},"_links":{"self":[{"href":"https:\/\/demo.gmaxagency.com\/ricky\/wp-json\/wp\/v2\/product\/418","targetHints":{"allow":["GET"]}}],"collection":[{"href":"https:\/\/demo.gmaxagency.com\/ricky\/wp-json\/wp\/v2\/product"}],"about":[{"href":"https:\/\/demo.gmaxagency.com\/ricky\/wp-json\/wp\/v2\/types\/product"}],"replies":[{"embeddable":true,"href":"https:\/\/demo.gmaxagency.com\/ricky\/wp-json\/wp\/v2\/comments?post=418"}],"wp:featuredmedia":[{"embeddable":true,"href":"https:\/\/demo.gmaxagency.com\/ricky\/wp-json\/wp\/v2\/media\/444"}],"wp:attachment":[{"href":"https:\/\/demo.gmaxagency.com\/ricky\/wp-json\/wp\/v2\/media?parent=418"}],"wp:term":[{"taxonomy":"product_brand","embeddable":true,"href":"https:\/\/demo.gmaxagency.com\/ricky\/wp-json\/wp\/v2\/product_brand?post=418"},{"taxonomy":"product_cat","embeddable":true,"href":"https:\/\/demo.gmaxagency.com\/ricky\/wp-json\/wp\/v2\/product_cat?post=418"},{"taxonomy":"product_tag","embeddable":true,"href":"https:\/\/demo.gmaxagency.com\/ricky\/wp-json\/wp\/v2\/product_tag?post=418"}],"curies":[{"name":"wp","href":"https:\/\/api.w.org\/{rel}","templated":true}]}}